uppose -4*l = q - 7, -2*l + 0 = -2. Suppose -q*d + k = -2*d. Is d a prime number?
False
Let f = 743 - 396. Is f a composite number?
False
Suppose 2*p + 3*p = 100. Suppose -3*q - 5*d = -p, 3*d + 16 = 2*q + 7*d. Suppose -3*m + 6*m - 1533 = q. Is m a prime number?
False
Suppose 4*j = 5*q + 599, 4*q + 369 = 2*j + 65. Let w = j + -31. Is w a composite number?
True
Suppose -158 = 8*f - 10*f. Is f a prime number?
True
Let o = -16 + 11. Let q(s) = 12*s**2 - 2*s + 7. Is q(o) prime?
True
Suppose 5*s = -h + 1274, 4*s - 5*h = 950 + 46. Is s composite?
True
Let d be 8/(-36) + 296/36. Suppose 4*o = d*o - 12. Is o a prime number?
True
Let f be 10/4*8/5. Suppose 915 = 3*s - f*l - 1126, 2716 = 4*s - 4*l. Suppose -5*n + s = 190. Is n a composite number?
False
Suppose -2*w = -3*w - 8. Let o be 50/w - (-3)/12. Is o/(-9)*(-69)/(-2) prime?
True
Is ((-11928)/(-208) - 4/(-26))*2 composite?
True
Suppose -5*c - 4*w = -12589, 2*c - 1060 - 3962 = -5*w. Is c a prime number?
True
Suppose -2*f = 3*f + 50. Let i(g) = -2*g + 9. Let p be i(f). Let z = p - 16. Is z prime?
True
Is (-15935)/(-20) - (-2)/8 a prime number?
True
Suppose o = -4*o + 80. Suppose s - o + 6 = 2*v, -3*v - 25 = -4*s. Is ((-14)/3)/(2/v) composite?
False
Let i = 12 - 5. Suppose 0 = -i*r + 5*r + 106. Is r a prime number?
True
Suppose 5814 + 4740 = 6*g. Is g a composite number?
False
Let u = -20 - -8. Let s = u - -17. Suppose 235 = s*p - 0*p. Is p a prime number?
True
Let r(x) = 9*x**3 - 2*x**2 + x + 1. Suppose 0*y - 4 = -2*y. Let v be r(y). Let t = v - 28. Is t composite?
True
Suppose 57 = y + 4*k - 2*k, 2*k = 5*y - 249. Suppose 0 = 3*l - 27 - y. Let b = 41 - l. Is b composite?
True
Suppose -2*g + 15 = l - 5*g, -3*l - 2*g = 10. Suppose -2*r = -3*y + 298, 5*r + 779 = -l*r - y. Let i = 282 + r. Is i prime?
True
Suppose 20*l - 51708 = 8*l. Is l prime?
False
Let p be (1/(-3))/((-1)/(-3)). Let t = 1 - p. Is t + 3/(6/154) composite?
False
Suppose -8 = -4*h, 3*u = -0*u - 3*h + 180. Is u prime?
False
Let j = 2 - 2. Suppose -4*b = -j*b - 436. Is b composite?
False
Let u(f) = -354*f**3 - 2*f**2 - 2*f - 1. Is u(-1) prime?
True
Let t(z) = -6*z - 2. Let r be t(2). Let q = r + 26. Let p = q + 43. Is p a prime number?
False
Let c(q) = -3*q**3 - 2*q + 3*q + q**3 + q**3 + 5*q**2 + 1. Let f = 6 + -1. Is c(f) a prime number?
False
Suppose 0*c = -2*c + 20. Let d = c - 6. Suppose -a + 226 = a + m, -m = -d*a + 452. Is a composite?
False
Let s = 1 - 1. Suppose 0 = -u + 5*b + 6 + 14, 4*u + 4*b - 56 = s. Is u a composite number?
True
Let h be 353/5 - 15/25. Suppose 3*k + 2*i - 269 = -h, -i + 200 = 3*k. Is k a composite number?
False
Suppose -151 + 32 = -y. Is y a composite number?
True
Suppose 3*t = 6*t - 1467. Suppose -i - t = -4*i. Is i a prime number?
True
Is 9*(-1)/12*-4 - -1256 a composite number?
False
Suppose s + 0*s - 52 = 0. Let f = 181 - s. Suppose x = -3*m + 56, 4*x = -4*m + f + 87. Is x composite?
False
Let g(t) = -t**2 + t + 53. Is g(0) prime?
True
Let d(v) = v**3 + 4*v**2 - 3*v + 4. Let f be d(-5). Let m = f - -13. Is m a composite number?
False
Suppose -4*d - 348 = -4360. Is d a prime number?
False
Let w(n) = n**3 - 5*n**2 - 5*n + 6. Let t be w(5). Let f = 40 - t. Is f a composite number?
False
Suppose -2*q + 4*x = 3*q - 2416, -4*q = x - 1916. Suppose q = 4*i - 2*r, 0 = 3*i - 0*i + 3*r - 369. Is i a prime number?
False
Suppose s = -12 + 267. Suppose 2*x + s = 7*x. Is x prime?
False
Suppose 250 = 4*r - 922. Is r a prime number?
True
Suppose -4*m = m - 10. Suppose 4*r = 2*y + 488, -m*y - 6 = -5*y. Is r a composite number?
True
Let d be -5*2/(3 - 5). Let p be (2 - 1) + 1 + 45. Suppose -18 = -d*k + p. Is k composite?
False
Suppose -9 = -3*x - 3, -q + x = -4. Suppose 14 = 3*b + 4*k, -4*b + 16 = 2*k - q. Suppose -4*v = -b*v + 262. Is v prime?
True
Let g be 4*-1 - -3 - -2. Is 169/5 - g/(-5) composite?
True
Let q be (-2)/9 + 75/(-27). Let x = 1 - q. Suppose -5*t = -5*a, x*a + 0*a - 24 = -4*t. Is t composite?
False
Suppose 4*i = -2*l - 34, 0 = 4*i - 4*l + 1 + 3. Let d be -6*(4/i + 0). Suppose -5*j - q = -0*q - 166, d*j - 140 = q. Is j a composite number?
True
Let n(q) = -q**3 + 7*q**2 + 3*q - 8. Let m(s) = 8*s - 1. Let b be m(1). Is n(b) prime?
True
Let d(u) = 8*u - 3. Let m(n) = n**2 + 6*n + 3. Let h(t) = -2*t**2 - 12*t - 6. Let x(a) = -6*h(a) - 11*m(a). Let g be x(-7). Is d(g) composite?
True
Suppose 3*u = 4*k - k + 21, -23 = -3*u + 4*k. Suppose 2*h = u*h - 978. Suppose 2*v - h = 104. Is v prime?
False
Suppose v = 4*v - 1341. Is v composite?
True
Let r = -19 + 27. Suppose -10 - r = -3*w. Is w a composite number?
True
Let o(y) = 4*y - 6*y + y**2 + 310 + 3*y + 0*y**2. Let g be o(0). Suppose -7*v + 2*v + g = 0. Is v prime?
False
Let i(b) = 1 + 15*b + 5*b + b. Is i(6) composite?
False
Let h(w) be the second derivative of -w**4/12 + 31*w**2/2 - 5*w. Is h(0) a composite number?
False
Let m = -1 + -6. Let r(j) = -2*j**2 - 8*j + 3. Let u(h) = -h. Let q(f) = -r(f) + 2*u(f). Is q(m) a prime number?
True
Suppose -3*d + 400 = -1826. Let w = -93 + 202. Suppose -3*f - w = -d. Is f composite?
False
Suppose -2*q - 2*q = -12. Is (3/(-2))/(q/(-446)) composite?
False
Suppose -6 = 3*s + 18. Let y = -5 - s. Suppose -y*c + 105 - 39 = 0. Is c composite?
True
Let h be (-8)/10*5/(-2). Suppose -h*r + 2*l = 6*l + 8, -4*r + 6 = -3*l. Let u = r + 7. Is u a composite number?
False
Suppose g - 3*n - 8 = -7*n, 3*g = 2*n + 24. Let j = -5 + g. Is (j/9)/((-2)/(-138)) composite?
False
Let y(p) = 10*p**2 - 2. Suppose 2*m = -3*k - 2, m + 0*m - 4 = k. Is y(m) a composite number?
True
Is (1 - 2136/(-18))/((-2)/(-6)) a prime number?
True
Suppose 2*x = 16 + 14. Suppose 0 = -5*a + x, 2*o - 4*a = -a + 145. Is o prime?
False
Suppose 0 = 5*h - 4*h - 58. Is h composite?
True
Let s(q) = q**2 - 1. Let d = 10 - 7. Suppose d*c + 17 = -1. Is s(c) prime?
False
Suppose 0 = 2*x - 72 - 38. Let w = x + 63. Is w a prime number?
False
Suppose 5*m - 15 = -5. Suppose m*n - 179 - 243 = 0. Is n a prime number?
True
Suppose -6*f = -9*f + 159. Is f a prime number?
True
Suppose -3*o = 2*o - 35. Let g(u) = u**3 - 8*u**2 + 8*u - 7. Let x be g(o). Is 20*(1/2 - x) a prime number?
False
Suppose 2*q = -q + 27. Let c = 38 + q. Is c prime?
True
Suppose h = -4*f - 6, 4*h + 4*f + 26 = -22. Is (-4)/h - (-514)/14 prime?
True
Let v(c) = -2*c - 1. Let i be v(-6). Suppose -3*h + 6 = l, -3*h + h = l - i. Is l a prime number?
False
Suppose -4*y + 5*f = 169, -y - f - 37 + 6 = 0. Let z = y + 427. Is z prime?
False
Let q(s) = -8*s - 13. Is q(-7) a prime number?
True
Let g(j) = -11*j**3 + 3*j**2 - 3*j - 3. Let v be g(-3). Suppose 0 = 4*n - 730 - v. Suppose k - 4*k - 4*w = -n, 5*w + 283 = 3*k. Is k composite?
True
Suppose 11*c = 7*c + 956. Is c a prime number?
True
Suppose 5*m = 2*m - 27. Let i = m + 13. Suppose 0*y = i*y - 2*t - 186, 0 = -5*y - 5*t + 270. Is y a prime number?
False
Let x = 5 - 3. Suppose -5*d = -x*v + 5*v - 67, -5*d - 4*v = -66. Is d a composite number?
True
Suppose 2321 = -4*t + 7165. Is t a prime number?
False
Suppose 1249 = 5*k - 2*s, k + 759 = 4*k + 2*s. Is k a prime number?
True
Let c = 26 + 177. Is c a composite number?
True
Suppose 3*w = 7*w - 56. Let f be 4*w*(-1)/4. Is f*2*28/(-16) prime?
False
Let o(t) = -76*t - 25. Is o(-14) composite?
False
Suppose 2*d - 718 = -216. Is d prime?
True
Let c = -164 - -944. Suppose -2*j - 2*p + c = 0, 2*j = 4*p + 359 + 451. Is j a prime number?
False
Let x(w) = -w + 7. Let g be x(6). Is (-1003 - g)/(-4)*1 a composite number?
False
Let r be (-2)/(-11) - 6812/(-44). Suppose 2*m = -o - m - 94, -o + 2*m - 104 = 0. Let n = r + o. Is n prime?
False
Let a be 4/(-2) - 1*-154. Let p = a - 67. Is p composite?
True
Let n = 17 + -4. Let d(i) = 2*i**2 - 2*i - 5. Is d(n) composite?
False
Let j(l) = 31*l - 24. Is j(11) a prime number?
True
Let n = 3 + 4. Let u(d) = d**3 - 6*d**2 - 4*d - 5. Let r be u(n). Suppose -r = -2*h + 10. Is h a composite number?
False
Let y = 4 + -1. Suppose 4*s + 3*t - 109 = 0, -t = -s - y*t + 26. Let z = 39 - s. Is z composite?
False
Suppose 0*i - i + 20 = 0. Suppose 0 = 4*d - i, 54 = 2*f + 4*d - 220. Is f composite?
False
Suppose -5*t + 101 - 366 = 0. Let m = -31 - t. Is m prime?
False
Let i = 6 - 3. Suppose 3*s - h = 73, -i*s + 81 = -2*h - h. Is s a composite number?
False
Is 55*(3156/30 - 1) composite?
True
Suppose r - 376 - 101 = 0. 